= -26 + 30. Suppose -2*v - 3036 = -h*v. Suppose -2*c - v = -5*c + 5*p, 0 = 4*p + 12. Is c a prime number?
False
Let u = 59150 + -15283. Is u prime?
True
Let p be ((-1)/4)/(-6 - (-714)/120). Suppose h - 3*l + p*l = 1125, 2*l - 5617 = -5*h. Is h a prime number?
True
Is (-5)/(15/73561)*3*(5 + -6) a prime number?
True
Let z be (6/4)/(2/4). Let j(i) = 2*i**2 + 49*i + 349. Let s be j(-24). Suppose a - s = -z*l, -3*a + 333 = -2*a + l. Is a a prime number?
True
Let k(z) = 550*z + 1. Let s be k(4). Suppose -5*j + i = -5, 0 = 3*i - 2*i + 5. Suppose -12*l + s + 475 = j. Is l a composite number?
False
Suppose -82*c = -15030674 + 7526050 - 25541458. Is c a prime number?
True
Let o = 156459 - 52372. Is o a composite number?
False
Suppose -2*l - 2085460 = -4*k - 105628, 0 = -4*k + 7*l + 1979802. Is k composite?
True
Let g = 83 + -29. Let z = -54 + g. Suppose z = 5*t - 7*t + 4634. Is t a prime number?
False
Suppose -4*w = -f - 63, -3*w + 3*f = 5*f - 61. Suppose -3*k + w*a + 8033 = 22*a, -4*a = -16. Is k a composite number?
False
Suppose -72*s + 567842 + 371254 = 0. Is s prime?
True
Is 10/5 + 302546 + -9 + (10 - 4) a composite number?
True
Suppose -50511 = -u + 3*q + 13202, 63721 = u - 4*q. Is u prime?
True
Let l(a) be the third derivative of 1987*a**4/24 - 47*a**3/6 + 12*a**2 - 8. Is l(4) prime?
True
Let o = -25930 - -152643. Is o composite?
False
Is 75180276/234 - (-33)/(-143) a composite number?
True
Let q(n) = 164*n**2 - 27*n + 198. Is q(43) composite?
False
Suppose 6*f + 2*f = 10280. Let p = f - 261. Suppose -2*x - 308 = 4*u - p, 2*u - 2*x - 358 = 0. Is u a composite number?
False
Suppose 3*k = 2*g + 12, 5*k - 19 = -3*g + 1. Suppose g = 2*v + 10, -4752 = 4*y - 5*y + 5*v. Is y a composite number?
True
Let r(q) = -q**2 + 4*q - 7. Let a be r(2). Let n be 21/6*24/21. Is a/6 - (-30870)/n prime?
True
Let k = -44 + 40. Let i be (-12)/(4/k*2). Is (-1104)/32*(-28)/i composite?
True
Let n(f) = 3853*f - 1. Let t be n(-1). Let h = 6764 - 9497. Let a = h - t. Is a a prime number?
False
Let x = -312106 + 667289. Is x composite?
True
Let u(c) be the third derivative of -11/3*c**3 - 49/24*c**4 - 12*c**2 + 0*c + 0. Is u(-5) composite?
False
Let c be (-5161)/(-52) - 9 - (-1)/(-4). Suppose -16515 = -c*s + 81*s. Is s a prime number?
False
Let o(t) = t**3 - t**2 - 8*t - 10. Let v(k) = k**3 - 2*k**2 - 9*k - 9. Let m(a) = 3*o(a) - 4*v(a). Let h be m(8). Is (-48480)/h + 5/(-3) + 1 a prime number?
False
Let u be (-22)/(-99) + (0 - (-2)/(-9)). Suppose u*t + 15 = 5*t. Suppose 2*b - 673 = n, 2*n = -t*b + 4*b - 335. Is b prime?
True
Let x be 90/(-120) + (-3691)/(-4). Let d = 1989 - x. Is d a prime number?
False
Suppose -4*c + 16 = -0. Suppose c*m + 16 = 2*o, -16 = 2*m + 2*m + 4*o. Is (272/(-24))/(m/126) - -2 prime?
True
Suppose -5*k - 4*x = -45, -3*k + 4*x = 2*k - 5. Suppose u - 916 = -k*b + 182, u - 3*b - 1058 = 0. Is u a composite number?
True
Suppose -4279 = q - 12*q. Suppose -4*y = -3*y - 1411. Suppose 0 = 7*v - y + q. Is v a composite number?
True
Is ((-2123873)/87)/((-2)/6) prime?
True
Let q = 12223 - 17134. Let l = q - -7066. Is l prime?
False
Suppose 0 = 2*m + 1 - 3, 11 = 3*n - 4*m. Suppose p = -4*r - 3*p + 9740, -n*r - 3*p + 12179 = 0. Is r a prime number?
True
Let g(m) = -2*m - 18. Let c be 100/15*(-15)/10. Let o be g(c). Suppose -3*v - 3*t + 253 = o*v, 0 = -3*v - t + 155. Is v prime?
True
Let r(k) = -5727*k + 1814. Is r(-37) composite?
False
Suppose -7*y + 4*y - 111 = 0. Let h = y + 39. Suppose 0 = h*d + 90 - 1028. Is d a prime number?
False
Let j(w) = 33*w**3 - w**2 + 2*w. Let y(h) = -h**3 - 12*h**2 - 11*h + 1. Let u be y(-11). Let c be j(u). Suppose 0 = -c*b + 39*b - 2810. Is b prime?
False
Suppose 0 = 3*s - 4*k - 2789, -3729 = s - 5*s - 5*k. Suppose 0 = -r + 508 + s. Is r composite?
False
Let l(o) = 25*o**2 - 17*o + 107. Let u = -510 + 480. Is l(u) composite?
False
Suppose 4 = x + 2, 140071 = 5*j - 12*x. Is j composite?
False
Let r = -1335 - -11211. Suppose 5*l - 3306 + r = 0. Let u = 1901 + l. Is u composite?
False
Let p be 269/(-4) - 7/(-28). Let q = p - -110. Suppose -51 = -2*n + q. Is n prime?
True
Suppose -49*f = -24 - 25. Suppose 0 = 4*q - 59 + 7. Is (f/2)/(((-13)/(-958))/q) composite?
False
Suppose s - 2907 = 2*w, -4*s + 3*w + 11646 = 4*w. Suppose 4*k = -2*v + 5838, -11*v + s = -10*v + 4*k. Is v a prime number?
True
Is (-4)/3*(-7007760)/320 prime?
False
Suppose -10*u - 258 = -278. Suppose -4*m = -3*c + 7583 + 10034, -u*m = 3*c - 17647. Is c a prime number?
True
Let x(f) = 53*f**2 + 52*f + 574. Is x(33) a composite number?
True
Let x(t) = 17*t**3 - 74*t**2 - 4*t + 14. Is x(51) a composite number?
True
Let s = -15 - -15. Let z be 4 - (6 + s + -4). Suppose -1059 = -z*l - l. Is l composite?
False
Let w = -2735 + 4956. Let k = w + -1435. Let c = k + -221. Is c a prime number?
False
Let u(g) = -13271*g + 319. Is u(-8) a prime number?
True
Let z(h) be the second derivative of 9769*h**3/6 + 6*h**2 + 157*h. Is z(1) prime?
True
Let p be ((-14128)/(-1))/(19/((-285)/10)). Let z = -10009 - p. Is z prime?
False
Suppose 0 = -153*u - 160*u + 59912269. Is u composite?
False
Suppose -4*k + s + 1894516 = -300491, -3*s = -3*k + 1646244. Is k a prime number?
True
Let c(q) = -516448*q**3 - 6*q**2 - 18*q - 11. Is c(-1) a prime number?
True
Suppose 5*q + 3*u - 3039844 = 0, 6*q = 35*u - 40*u + 3647817. Is q composite?
False
Let n(v) = 2*v**2 - 12*v + 11. Let u be n(5). Suppose 4*s + 5 = -s. Is (s + u/2)*-422 a composite number?
False
Suppose -4*r + 20 = -3*r. Suppose 8 + r = -2*s. Is ((s/8)/((-2)/(-776)))/(-1) prime?
False
Is (-8)/((168/2507169)/(-1)) a prime number?
True
Let b = 467 - 328. Let p = 1916 - b. Is p a prime number?
True
Suppose 33*x - 11658244 = -19*x. Is x prime?
True
Suppose -11*g = -30932 + 792. Suppose 10*x - 11*x + g = 0. Suppose -6*v = -2*v - x. Is v a composite number?
True
Let s(o) = o - 1. Let z be s(4). Let k be -3114*((-9)/15 - (-46)/(-115)). Suppose -z*q + k = y - 5*y, 2*q + 3*y = 2093. Is q a composite number?
True
Let q(m) = 29327*m + 1474. Is q(5) prime?
False
Let u(s) = 5*s**3 - 12*s**2 + 13*s - 22. Suppose -2*o = -3*q + 22, 138 = q - 2*o + 132. Is u(q) prime?
False
Suppose -3*u = 11 - 20. Let l be (u/1 + -2)*-1. Is l/(4/(-9564)*3) prime?
True
Let w be ((-9447)/(-15) + -3)*15. Suppose 14*f = 102824 - w. Is f composite?
False
Let u(c) be the second derivative of c**4/12 + 73*c**3/6 - 25*c**2/2 + 41*c. Is u(23) a composite number?
True
Let g(b) = -282*b**3 - 8*b - 7. Let l be g(-5). Suppose -12*h + l = -9*h. Suppose -3500 = 11*o - h. Is o a prime number?
True
Suppose -4*i + 3*i = -b - 96305, 4*i - 3*b - 385216 = 0. Suppose i = 14*a + 9*a. Is a a prime number?
False
Let c(o) be the second derivative of o**5/120 + 13*o**4/24 - o**3/6 + 2*o. Let d(k) be the second derivative of c(k). Is d(6) a prime number?
True
Let f be ((-15)/(180/8))/(4/7002). Let b = 3944 + f. Is b composite?
False
Suppose 18 = -6*d + 126. Let q = -16 + d. Is (q - 4)*(4215/(-6) - -3) composite?
False
Let z be (105/(-25) - -4)*(-4 - -4). Suppose 0 = -3*n - 5*y + 10314, z = -n + 6*n + 5*y - 17180. Is n composite?
False
Let c(h) = -h**3 + 9*h**2 - 9*h + 26. Let t be c(8). Let g be (-71285)/(-30) + (3/t)/(-1). Let j = g + -1003. Is j a composite number?
False
Let z(y) = -19*y + 43 - 8*y**2 + 15 + 6*y**2 - y**2 + 5*y**2. Is z(3) a prime number?
True
Suppose -269*o + 569*o - 280*o = 7608340. Is o composite?
False
Let k be 3/(90/(-12)) + 68/(-5). Is (-223)/(k/28 - (-42)/92) prime?
False
Suppose 3*v - 4*v - 33 = 0. Let d be 616/v*(-114)/8. Suppose -4*z = 3*z - d. Is z a prime number?
False
Suppose -147*c = 9543966 - 64698807. Is c a prime number?
True
Suppose -18*x = 191*x - 46205350 - 149429727. Is x composite?
False
Is (63/90 + (-2)/4)*1138945 prime?
True
Let z be ((-2983689)/(-12))/3 - 27/(-36). Suppose -12*f + 2*p + 165774 = -8*f, 0 = 2*f + 5*p - z. Is f composite?
False
Suppose -13*f + 6177 = -9878. Suppose -8*n + 17659 = f. Is n composite?
False
Let k(p) = 4*p - 2387*p**2 - 1 - 2 + 2493*p**2. Let y be k(-6). Suppose 0 = -3*j, -y = -3*x + 4*j - 438. Is x composite?
False
Let j(d) = d**3 - d**2 + d + 1. Let g(r) = -5*r**3 + 2*r**2 - 9*r - 19. Let x(z) = g(z) + 4*j(z). Is x(-6) prime?
False
Let c(u) = 7*u - 4. Let w be c(-2). Let o = w - -18. Suppose 0 = -o*x - x + 149. Is x a prime number?
T